{"id":21,"date":"2025-06-23T18:26:42","date_gmt":"2025-06-23T16:26:42","guid":{"rendered":"http:\/\/aquakinedauphine.fr\/?page_id=21"},"modified":"2025-07-24T20:24:05","modified_gmt":"2025-07-24T18:24:05","slug":"le-cabinet","status":"publish","type":"page","link":"https:\/\/aquakinedauphine.fr\/?page_id=21","title":{"rendered":"Le Cabinet"},"content":{"rendered":"\n<p>Pens\u00e9 comme un centre de r\u00e9\u00e9ducation fonctionnel, le cabinet AquaKin\u00e9 Dauphin\u00e9 dispose d\u2019une superficie d\u00e9di\u00e9e de 140m2\u00a0; avec un plateau technique, deux zones de soins privatives, et un espace baln\u00e9oth\u00e9rapie.<\/p>\n\n\n\n<p>Le plateau technique\u00a0: \u00e9quip\u00e9 d\u2019espaliers, de mat\u00e9riels de renforcement et de proprioception, d\u2019une leg press, d\u2019un cyclo-ergom\u00e8tre et d\u2019un v\u00e9lo proprioceptif.<\/p>\n\n\n\n<p>Les espaces de soins \u00e9quip\u00e9s d\u2019une table de kin\u00e9sith\u00e9rapie, de produits de massage et de materiel d\u2019electroth\u00e9rapie \u00e0 vis\u00e9 antalgique.<\/p>\n\n\n\n<p>L&nbsp;\u2018espace baln\u00e9oth\u00e9rapie avec une piscine de 12m2 chauff\u00e9e \u00e0 32 degr\u00e9s et disposant de vestiaires privatifs.<\/p>\n\n\n\n<p><\/p>\n\n\n\n<figure class=\"wp-block-gallery has-nested-images columns-default is-cropped wp-block-gallery-1 is-layout-flex wp-block-gallery-is-layout-flex\">\n<figure class=\"wp-block-image size-large\"><img loading=\"lazy\" decoding=\"async\" width=\"1024\" height=\"768\" data-id=\"9\" src=\"https:\/\/aquakinedauphine.fr\/wp-content\/uploads\/2025\/06\/2eme-piece-1024x768.jpg\" alt=\"\" class=\"wp-image-9\" srcset=\"https:\/\/aquakinedauphine.fr\/wp-content\/uploads\/2025\/06\/2eme-piece-1024x768.jpg 1024w, https:\/\/aquakinedauphine.fr\/wp-content\/uploads\/2025\/06\/2eme-piece-300x225.jpg 300w, https:\/\/aquakinedauphine.fr\/wp-content\/uploads\/2025\/06\/2eme-piece-768x576.jpg 768w, https:\/\/aquakinedauphine.fr\/wp-content\/uploads\/2025\/06\/2eme-piece-1536x1152.jpg 1536w, https:\/\/aquakinedauphine.fr\/wp-content\/uploads\/2025\/06\/2eme-piece.jpg 2048w\" sizes=\"auto, (max-width: 1024px) 100vw, 1024px\" \/><figcaption class=\"wp-element-caption\">Salle de soins<\/figcaption><\/figure>\n\n\n\n<figure class=\"wp-block-image size-large\"><img loading=\"lazy\" decoding=\"async\" width=\"1024\" height=\"768\" data-id=\"17\" src=\"https:\/\/aquakinedauphine.fr\/wp-content\/uploads\/2025\/06\/gymnase-1024x768.jpg\" alt=\"\" class=\"wp-image-17\" srcset=\"https:\/\/aquakinedauphine.fr\/wp-content\/uploads\/2025\/06\/gymnase-1024x768.jpg 1024w, https:\/\/aquakinedauphine.fr\/wp-content\/uploads\/2025\/06\/gymnase-300x225.jpg 300w, https:\/\/aquakinedauphine.fr\/wp-content\/uploads\/2025\/06\/gymnase-768x576.jpg 768w, https:\/\/aquakinedauphine.fr\/wp-content\/uploads\/2025\/06\/gymnase-1536x1152.jpg 1536w, https:\/\/aquakinedauphine.fr\/wp-content\/uploads\/2025\/06\/gymnase.jpg 2048w\" sizes=\"auto, (max-width: 1024px) 100vw, 1024px\" \/><figcaption class=\"wp-element-caption\">Gymnase<\/figcaption><\/figure>\n\n\n\n<figure class=\"wp-block-image size-large\"><img loading=\"lazy\" decoding=\"async\" width=\"1024\" height=\"768\" data-id=\"18\" src=\"https:\/\/aquakinedauphine.fr\/wp-content\/uploads\/2025\/06\/gymnase2-1024x768.jpg\" alt=\"\" class=\"wp-image-18\" srcset=\"https:\/\/aquakinedauphine.fr\/wp-content\/uploads\/2025\/06\/gymnase2-1024x768.jpg 1024w, https:\/\/aquakinedauphine.fr\/wp-content\/uploads\/2025\/06\/gymnase2-300x225.jpg 300w, https:\/\/aquakinedauphine.fr\/wp-content\/uploads\/2025\/06\/gymnase2-768x576.jpg 768w, https:\/\/aquakinedauphine.fr\/wp-content\/uploads\/2025\/06\/gymnase2-1536x1152.jpg 1536w, https:\/\/aquakinedauphine.fr\/wp-content\/uploads\/2025\/06\/gymnase2.jpg 2048w\" sizes=\"auto, (max-width: 1024px) 100vw, 1024px\" \/><figcaption class=\"wp-element-caption\">Gymnase<\/figcaption><\/figure>\n\n\n\n<figure class=\"wp-block-image size-large\"><img loading=\"lazy\" decoding=\"async\" width=\"1024\" height=\"1024\" data-id=\"10\" src=\"https:\/\/aquakinedauphine.fr\/wp-content\/uploads\/2025\/06\/Accueil-1024x1024.jpg\" alt=\"\" class=\"wp-image-10\" srcset=\"https:\/\/aquakinedauphine.fr\/wp-content\/uploads\/2025\/06\/Accueil-1024x1024.jpg 1024w, https:\/\/aquakinedauphine.fr\/wp-content\/uploads\/2025\/06\/Accueil-300x300.jpg 300w, https:\/\/aquakinedauphine.fr\/wp-content\/uploads\/2025\/06\/Accueil-150x150.jpg 150w, https:\/\/aquakinedauphine.fr\/wp-content\/uploads\/2025\/06\/Accueil-768x768.jpg 768w, https:\/\/aquakinedauphine.fr\/wp-content\/uploads\/2025\/06\/Accueil.jpg 1440w\" sizes=\"auto, (max-width: 1024px) 100vw, 1024px\" \/><figcaption class=\"wp-element-caption\">Accueil<\/figcaption><\/figure>\n\n\n\n<figure class=\"wp-block-image size-large\"><img loading=\"lazy\" decoding=\"async\" width=\"1024\" height=\"768\" data-id=\"12\" src=\"https:\/\/aquakinedauphine.fr\/wp-content\/uploads\/2025\/06\/Balneo-1024x768.jpg\" alt=\"\" class=\"wp-image-12\" srcset=\"https:\/\/aquakinedauphine.fr\/wp-content\/uploads\/2025\/06\/Balneo-1024x768.jpg 1024w, https:\/\/aquakinedauphine.fr\/wp-content\/uploads\/2025\/06\/Balneo-300x225.jpg 300w, https:\/\/aquakinedauphine.fr\/wp-content\/uploads\/2025\/06\/Balneo-768x576.jpg 768w, https:\/\/aquakinedauphine.fr\/wp-content\/uploads\/2025\/06\/Balneo-1536x1152.jpg 1536w, https:\/\/aquakinedauphine.fr\/wp-content\/uploads\/2025\/06\/Balneo.jpg 2048w\" sizes=\"auto, (max-width: 1024px) 100vw, 1024px\" \/><figcaption class=\"wp-element-caption\">Espace Baln\u00e9oth\u00e9rapie<\/figcaption><\/figure>\n\n\n\n<figure class=\"wp-block-image size-large\"><img loading=\"lazy\" decoding=\"async\" width=\"1024\" height=\"768\" data-id=\"16\" src=\"https:\/\/aquakinedauphine.fr\/wp-content\/uploads\/2025\/06\/Exterieur-1024x768.webp\" alt=\"\" class=\"wp-image-16\" srcset=\"https:\/\/aquakinedauphine.fr\/wp-content\/uploads\/2025\/06\/Exterieur-1024x768.webp 1024w, https:\/\/aquakinedauphine.fr\/wp-content\/uploads\/2025\/06\/Exterieur-300x225.webp 300w, https:\/\/aquakinedauphine.fr\/wp-content\/uploads\/2025\/06\/Exterieur-768x576.webp 768w, https:\/\/aquakinedauphine.fr\/wp-content\/uploads\/2025\/06\/Exterieur.webp 1360w\" sizes=\"auto, (max-width: 1024px) 100vw, 1024px\" \/><figcaption class=\"wp-element-caption\">Ext\u00e9rieur<\/figcaption><\/figure>\n<\/figure>\n","protected":false},"excerpt":{"rendered":"<p>Pens\u00e9 comme un centre de r\u00e9\u00e9ducation fonctionnel, le cabinet AquaKin\u00e9 Dauphin\u00e9 dispose d\u2019une superficie d\u00e9di\u00e9e de 140m2\u00a0; avec un plateau technique, deux zones de soins privatives, et un espace baln\u00e9oth\u00e9rapie. Le plateau technique\u00a0: \u00e9quip\u00e9 d\u2019espaliers, de mat\u00e9riels de renforcement et de proprioception, d\u2019une leg press, d\u2019un cyclo-ergom\u00e8tre et d\u2019un v\u00e9lo proprioceptif. Les espaces de soins&#8230;<\/p>\n","protected":false},"author":1,"featured_media":0,"parent":0,"menu_order":0,"comment_status":"closed","ping_status":"closed","template":"","meta":{"_kad_post_transparent":"","_kad_post_title":"","_kad_post_layout":"","_kad_post_sidebar_id":"","_kad_post_content_style":"","_kad_post_vertical_padding":"","_kad_post_feature":"","_kad_post_feature_position":"","_kad_post_header":false,"_kad_post_footer":false,"footnotes":""},"class_list":["post-21","page","type-page","status-publish","hentry"],"_links":{"self":[{"href":"https:\/\/aquakinedauphine.fr\/index.php?rest_route=\/wp\/v2\/pages\/21","targetHints":{"allow":["GET"]}}],"collection":[{"href":"https:\/\/aquakinedauphine.fr\/index.php?rest_route=\/wp\/v2\/pages"}],"about":[{"href":"https:\/\/aquakinedauphine.fr\/index.php?rest_route=\/wp\/v2\/types\/page"}],"author":[{"embeddable":true,"href":"https:\/\/aquakinedauphine.fr\/index.php?rest_route=\/wp\/v2\/users\/1"}],"replies":[{"embeddable":true,"href":"https:\/\/aquakinedauphine.fr\/index.php?rest_route=%2Fwp%2Fv2%2Fcomments&post=21"}],"version-history":[{"count":5,"href":"https:\/\/aquakinedauphine.fr\/index.php?rest_route=\/wp\/v2\/pages\/21\/revisions"}],"predecessor-version":[{"id":356,"href":"https:\/\/aquakinedauphine.fr\/index.php?rest_route=\/wp\/v2\/pages\/21\/revisions\/356"}],"wp:attachment":[{"href":"https:\/\/aquakinedauphine.fr\/index.php?rest_route=%2Fwp%2Fv2%2Fmedia&parent=21"}],"curies":[{"name":"wp","href":"https:\/\/api.w.org\/{rel}","templated":true}]}}